5?
1
What is the tens digit of 214675?
7
What is the tens digit of 5650449?
4
What is the ten thousands digit of 1213921?
1
What is the hundred thousands digit of 4064659?
0
What is the tens digit of 393693?
9
What is the hundred thousands digit of 6162169?
1
What is the ten thousands digit of 668541?
6
What is the ten thousands digit of 2116122?
1
What is the thousands digit of 311966?
1
What is the hundred thousands digit of 933053?
9
What is the ten thousands digit of 186405?
8
What is the thousands digit of 3208243?
8
What is the thousands digit of 365852?
5
What is the ten thousands digit of 792023?
9
What is the tens digit of 1227137?
3
What is the thousands digit of 13441674?
1
What is the tens digit of 1469615?
1
What is the hundreds digit of 2351501?
5
What is the ten thousands digit of 15711499?
1
What is the tens digit of 5341667?
6
What is the tens digit of 578?
7
What is the units digit of 1861666?
6
What is the millions digit of 5275769?
5
What is the ten thousands digit of 124674?
2
What is the hundreds digit of 139119?
1
What is the units digit of 104418?
8
What is the ten thousands digit of 12947585?
4
What is the units digit of 498175?
5
What is the ten thousands digit of 8218965?
1
What is the ten thousands digit of 2016131?
1
What is the ten thousands digit of 203376?
0
What is the tens digit of 18044566?
6
What is the hundreds digit of 1024674?
6
What is the ten thousands digit of 645831?
4
What is the hundred thousands digit of 2622573?
6
What is the hundred thousands digit of 149039?
1
What is the tens digit of 60637?
3
What is the millions digit of 1929737?
1
What is the hundred thousands digit of 29933464?
9
What is the ten thousands digit of 2407099?
0
What is the ten millions digit of 17313324?
1
What is the ten thousands digit of 5695642?
9
What is the hundred thousands digit of 554516?
5
What is the tens digit of 497642?
4
What is the hundreds digit of 1942639?
6
What is the thousands digit of 41501?
1
What is the tens digit of 1216512?
1
What is the hundred thousands digit of 125109?
1
What is the hundreds digit of 193855?
8
What is the hundreds digit of 2718526?
5
What is the units digit of 1821?
1
What is the ten thousands digit of 14565018?
6
What is the thousands digit of 6599848?
9
What is the units digit of 7569139?
9
What is the thousands digit of 18739732?
9
What is the tens digit of 1433170?
7
What is the thousands digit of 2581685?
1
What is the ten thousands digit of 155407?
5
What is the ten millions digit of 17543973?
1
What is the tens digit of 3283847?
4
What is the hundred thousands digit of 257472?
2
What is the units digit of 339758?
8
What is the thousands digit of 67622?
7
What is the thousands digit of 54990?
4
What is the units digit of 5931535?
5
What is the thousands digit of 2463?
2
What is the millions digit of 1435097?
1
What is the ten thousands digit of 2202484?
0
What is the hundred thousands digit of 847818?
8
What is the hundreds digit of 530811?
8
What is the units digit of 336321?
1
What is the tens digit of 418189?
8
What is the thousands digit of 17278533?
8
What is the thousands digit of 2680435?
0
What is the thousands digit of 570087?
0
What is the thousands digit of 4572150?
2
What is the hundred thousands digit of 2005021?
0
What is the ten thousands digit of 26309575?
0
What is the units digit of 6076658?
8
What is the hundreds digit of 222423?
4
What is the tens digit of 5688417?
1
What is the millions digit of 2488344?
2
What is the hundred thousands digit of 633486?
6
What is the tens digit of 19230244?
4
What is the thousands digit of 184389?
4
What is the hundreds digit of 613674?
6
What is the tens digit of 1450088?
8
What is the tens digit of 1304998?
9
What is the tens digit of 244054?
5
What is the units digit of 2759347?
7
What is the tens digit of 99483?
8
What is the tens digit of 14939872?
7
What is the hundred thousands digit of 935569?
9
What is the hundreds digit of 488167?
1
What is the tens digit of 8159231?
3
What is the hundred thousands digit of 348674?
3
What is the thousands digit of 496018?
6
What is the units digit of 277289?
9
What is the thousands digit of 882904?
2
What is the millions digit of 6767649?
6
What is the ten millions digit of 27322283?
2
What is the tens digit of 212880?
8
What is the hundred thousands digit of 7348510?
3
What is the hundred thousands digit of 2609265?
6
What is the tens digit of 978105?
0
What is the ten thousands digit of 16633986?
3
What is the ten thousands digit of 12531587?
3
What is the units digit of 4021069?
9
What is the hundred thousands digit of 7059409?
0
What is the ten thousands digit of 1977920?
7
What is the ten thousands digit of 22586890?
8
What is the thousands digit of 94444?
4
What is the millions digit of 10411143?
0
What is the thousands digit of 123406?
3
What is the hundreds digit of 835949?
9
What is the tens digit of 347583?
8
What is the thousands digit of 529465?
9
What is the hundreds digit of 14091839?
8
What is the ten thousands digit of 15553?
1
What is the millions digit of 32354358?
2
What is the ten thousands digit of 664542?
6
What is the thousands digit of 1913339?
3
What is the hundreds digit of 194891?
8
What is the ten thousands digit of 28921?
2
What is the units digit of 5011274?
4
What is the hundreds digit of 154828?
8
What is the ten thousands digit of 208169?
0
What is the hundreds digit of 214564?
5
What is the millions digit of 22774554?
2
What is the ten thousands digit of 365984?
6
What is the thousands digit of 1021919?
1
What is the hundreds digit of 320208?
2
What is the hundreds digit of 7169484?
4
What is the hundred thousands digit of 370313?
3
What is the tens digit of 1426459?
5
What is the thousands digit of 3560543?
0
What is the tens digit of 6951974?
7
What is the millions digit of 7923586?
7
What is the tens digit of 17256728?
2
What is the hundred thousands digit of 1049640?
0
What is the ten thousands digit of 10435?
1
What is the millions digit of 7564218?
7
What is the ten thousands digit of 142163?
4
What is the ten thousands digit of 222224?
2
What is the tens digit of 7665862?
6
What is the hundred thousands digit of 814344?
8
What is the hundreds digit of 644681?
6
What is the tens digit of 2750373?
7
What is the ten thousands digit of 553226?
5
What is the hundred thousands digit of 219310?
2
What is the units digit of 7427608?
8
What is the hundreds digit of 3090927?
9
What is the units digit of 1319214?
4
What is the units digit of 1601051?
1
What is the hundreds digit of 112678?
6
What is the thousands digit of 101314?
1
What is the units digit of 2644380?
0
What is the hundreds digit of 13664297?
2
What is the units digit of 254363?
3
What is the ten thousands digit of 27385090?
8
What is the thousands digit of 30761671?
1
What is the hundreds digit of 58147?
1
What is the hundred thousands digit of 284336?
2
What is the ten thousands digit of 754310?
5
What is the hundred thousands digit of 2804368?
8
What is the units digit of 1119156?
6
What is the thousands digit of 244977?
4
What is the millions digit of 2436241?
2
What is the ten thousands digit of 583608?
8
What is the ten thousands digit of 991706?
9
What is the hundred thousands digit of 333625?
3
What is the hundred thousands digit of 499761?
4
What is the thousands digit of 2592089?
2
What is the hundreds digit of 131722?
7
What is the tens digit of 78478?
7
What is the thousands digit of 845682?
5
What is the tens digit of 541889?
8
What is the hundred thousands digit of 1583568?
5
What is the hundreds digit of 1102672?
6
What is the hundred thousands digit of 1904126?
9
What is the hundred thousands digit of 311452?
3
What is the tens digit of 226221?
2
What is the hundreds digit of 22704021?
0
What is the ten thousands digit of 193419?
9
What is the tens digit of 305297?
9
What is the hundreds digit of 5805499?
4
What is the thousands digit of 27320528?
0
What is the tens digit of 350467?
6
What is the units digit of 475547?
7
What is the ten thousands digit of 1860824?
6
What is the units digit of 1743984?
4
What is the ten thousands digit of 13736653?
3
What is the hundred thousands digit of 1446876?
4
What is the units digit of 566563?
3
What is the ten thousands digi